Let k be l(-4). Suppose -z*c + 5*c = -k. What is the units digit of c?
6
Let w be 4 + -3*1/(-3). Suppose w*s - 4*s + 2 = -4*o, 0 = -s - 5*o - 4. What is the units digit of (2/3)/(s/9)?
1
Suppose 0 = 3*p + 4*s + 32, 0 = 6*s - 3*s + 15. What is the units digit of 18/(-4)*p/6?
3
Let b(l) = 3 - 12*l + 11*l + 6. Let f be b(6). Suppose 0*a + 53 = 5*a - j, 3*j - 21 = -f*a. What is the units digit of a?
0
What is the units digit of (-106)/(-22) - 6/(-33)?
5
Let l(i) = 11*i**2. What is the units digit of l(1)?
1
Let l = -17 + 20. Suppose -l*i + 46 = -68. What is the units digit of i?
8
What is the units digit of (2/4 - -1)*(-500)/(-75)?
0
Suppose 5*n = -3*y + 2 - 56, -y - 29 = -2*n. Let a = 24 + y. What is the units digit of a?
1
Let m(y) = -y**3 + 9*y**2 + 4*y - 5. What is the tens digit of m(9)?
3
Suppose -3*c - 5*x + 39 = -2*c, -2*c + 45 = -x. What is the tens digit of c?
2
Suppose 4*l - l - 4 = -2*f, -l - 3*f - 8 = 0. What is the units digit of l?
4
Suppose 2 + 6 = 4*o. Suppose -o*r + 7 = 1. Let g = r + -2. What is the units digit of g?
1
Let u be ((-6)/4)/((-9)/(-48)). Let g = u - -8. Suppose -59 = -5*h - g*h + m, 0 = -5*h + 4*m + 56. What is the units digit of h?
2
Let l = 34 + -75. Let s = l - -57. What is the units digit of s?
6
Let v(n) = 75*n**2 + 1. Let t be v(-1). What is the tens digit of 1/((6 + -2)/t)?
1
Let m(n) = n**2 - 11*n - 9. Let c be m(12). Let i be (1 + 6/(-10))*10. Suppose 5*d - c*p = i*d + 6, 2*p - 40 = -3*d. What is the units digit of d?
2
Let f(m) = 9*m**2 - 2*m + 4. What is the units digit of f(2)?
6
Let f(m) = 2*m**2 + 9*m - 12. Let n(u) = 3*u**2 + 13*u - 18. Let w(h) = -7*f(h) + 5*n(h). What is the units digit of w(-7)?
9
Suppose -4*q = -3*o + 8*o - 58, -22 = -2*q + o. What is the tens digit of q?
1
Suppose -5*d + 35 = 2*c, 0*c + 3*c + 10 = 5*d. Let z(t) = 2*t**2 - 5*t - 7. What is the tens digit of z(d)?
1
Let b be -3 + (-1 - (0 + 1)). Let f = -5 - b. Suppose f*i = -5*i + 75. What is the tens digit of i?
1
Suppose 0 = -l - 1 + 6. Suppose -o + 2*u + 50 = 4*o, 35 = 5*o - l*u. What is the units digit of o?
2
Suppose -3*q - 6 = 3*c, 2*q = 3*q - 3*c - 2. What is the units digit of q/((4 - 0)/(-136))?
4
Suppose 0*c - 5*c = -20. Suppose 0 = i + 9 - c. Let j = i - -8. What is the units digit of j?
3
Let y be 10/(-6)*(-6)/(-2). Let x be 2/y + (-4)/(-10). Suppose -3 = -r, 2*d - 5*r - 3 + 6 = x. What is the units digit of d?
6
Let p(h) = -h**3 - 6*h**2 - 2*h - 9. Let y be p(-6). Suppose 49 = -y*x + 127. What is the units digit of x?
6
Suppose j = y - 0*y - 22, -3*y = j - 58. What is the units digit of y?
0
Suppose -4*u + 143 - 23 = 0. What is the units digit of u?
0
Suppose 5*g - 20 = g. Let w(s) = -s**2 + 4*s + 2. Let h be w(4). Suppose h*p + 5 = g*q - 3*p, 3*q + 5*p - 43 = 0. What is the units digit of q?
6
Let y = -55 + 103. Suppose 0 = -0*f + 3*f - y. What is the tens digit of f?
1
Let f = 2 + 2. What is the units digit of f?
4
Let g(m) = m. Let k be g(-2). Let s(q) be the first derivative of -q**4/4 - q**3/3 + q**2/2 + q - 3. What is the units digit of s(k)?
3
Suppose w - 3*w = -6. Suppose -4*k + 5 = -3*k, -70 = -5*v - 2*k. Suppose -t - v = -w*t. What is the units digit of t?
6
Suppose -4*n - 3*u + 5*u = -4, 5*u - 14 = -2*n. Suppose -116 = -2*v - n*v. What is the units digit of v?
9
Suppose -5*a - b + 0*b + 26 = 0, -5*b = -a. Suppose -a*u + 20 = -25. What is the units digit of u?
9
Let u be (5 - 0) + (-3)/3. Suppose -x + 2*x = 0, -u*q + 76 = -4*x. What is the units digit of q?
9
Suppose 18*o - 481 - 1697 = 0. What is the hundreds digit of o?
1
Let n(x) be the third derivative of 1/6*x**4 - x**2 + 0*x + 1/15*x**5 + 0 - 5/6*x**3 - 1/120*x**6. What is the units digit of n(4)?
1
Suppose 6*o + 124 = 4*h + 2*o, -2*h - 2*o = -54. What is the tens digit of h?
2
Suppose 5*k = -2*i + 379, k + i = -2*i + 68. Suppose -2*n - 74 = -4*g, 0*n = -4*g + 3*n + k. What is the tens digit of g?
1
Let o(s) = 2*s**2 - 13*s - 8. Let c be o(7). Let d be 6*-2*(-8)/(-6). What is the tens digit of c/(-1 - d/17)?
1
Suppose -6*d + 180 = -3*d + 3*h, -4*h + 51 = d. What is the units digit of d?
3
Suppose 2 - 18 = -4*m. Suppose 3*a - m*a + 5 = 0. What is the units digit of a?
5
Suppose 2*s + d - 244 = 0, 122 = 2*s - 3*d - 114. Let c = s + -83. Suppose -2*p + 7*n + 39 = 4*n, -2*n - c = -2*p. What is the units digit of p?
8
Suppose q - 108 = 5*q. Let c = -6 - q. What is the units digit of c?
1
Suppose 0 = 6*f - 2*f - 40. Let z be f/2 + 0 - 2. Suppose 2*y - 3*q - 23 = 0, q + z*q = -4. What is the units digit of y?
0
Suppose -4*g + 3*g = 4*f - 24, g + f - 21 = 0. Suppose -2*h + g = -0*h. What is the tens digit of h?
1
Suppose 4*u + 0*u = 4. Let p be 2 - ((u - 0) + -1). Suppose 2*m + 6 = 0, -m = p*j - 2*m - 11. What is the units digit of j?
4
Let i = -388 + 699. What is the units digit of i?
1
Let y(t) = -t**3 + 4*t**2 - 3*t + 3. Let z be y(3). Let f be z - (20 + 1) - -1. Let h = 24 + f. What is the units digit of h?
7
Let i(o) be the third derivative of 0 - 5/24*o**4 - 2*o**2 + 0*o - 1/60*o**5 + 1/2*o**3. What is the units digit of i(-5)?
3
Suppose -38 = -0*v - 2*v. Suppose 4*l - v = 25. What is the units digit of l?
1
Let v be -2 + 3 + -26 + 2. Let o = -4 - v. What is the units digit of o?
9
Suppose g - 5*g = -92. Suppose z - 6 = -2*p + g, -3*p + 42 = 3*z. Let s = 24 - p. What is the units digit of s?
9
Let v(n) = 10*n - 8. Let x(o) = -5*o + 4. Let y(w) = -2*v(w) - 5*x(w). What is the units digit of y(4)?
6
Suppose 22 - 106 = -3*k. Suppose -c = 2*q - 3*q + k, -c = q - 38. Suppose -2*p - p = -q. What is the units digit of p?
1
Suppose -4*z = 2*n - 44 - 16, 4*z + 42 = n. What is the tens digit of n?
3
Let r be 128/(-7) - (-6)/21. What is the units digit of r/(-24) - (-41)/4?
1
Let f(h) = h - 3. Let l be f(5). Suppose w = l + 1. Suppose -w*m = -3 - 0. What is the units digit of m?
1
Suppose -9 = -5*j - 2*b + 5*b, -4*j = 4*b - 20. Suppose 0 = 5*r + j*t - 212, 5*r + 0*r = -5*t + 220. What is the tens digit of r?
4
Let k = 7 + -14. Let f = 7 - k. Suppose -3*u + 0*u - 3*v = 0, 2*u - f = 5*v. What is the units digit of u?
2
Suppose 5*q - 15 = -4*n, 2 - 8 = -5*n - 2*q. Suppose -3*y + 8*y + p = 24, y = -5*p. Suppose y*b + 0*b - 55 = n. What is the tens digit of b?
1
Suppose 0 = -5*y + 3 + 42. Let q be (-1392)/y*(-9)/6. What is the tens digit of q/20 - 4/(-10)?
1
Let c = 60 + 19. What is the units digit of c?
9
Suppose -3*q + 30 + 15 = 0. What is the tens digit of q?
1
Let n = -1 + 3. Let z(x) = x - 2*x**n + 3*x**2 + 3*x - x - 7. What is the units digit of z(-5)?
3
Let o(d) = -5*d. Suppose 3*m = 8*m - 70. Let h(s) = 11*s - 1. Let g(i) = m*o(i) + 6*h(i). What is the tens digit of g(-6)?
1
Let f(z) = -3*z - 5. What is the units digit of f(-7)?
6
Suppose 24 + 15 = h. What is the units digit of h?
9
Suppose -2*z = 3*z + 2*a - 192, -180 = -5*z - 5*a. What is the units digit of z?
0
Let s(c) = -c + 12. What is the units digit of s(6)?
6
Suppose -y + 11 = 4*w, -3*y + 3*w + 19 = w. What is the units digit of y?
7
What is the units digit of (-5)/(-10) + 123/2?
2
Let o(y) = y**3 - 6*y**2 + 7*y - 3. Let v be o(5). Let p(j) = -j + 11. What is the units digit of p(v)?
4
Suppose -5*l + 16 = -l. Suppose h - l*y = 21, y = -h - h + 33. What is the units digit of h?
7
Let d be (-7)/(-7) + -1*1. What is the units digit of 3/(d - 9)*-21?
7
Let d = 38 + 86. What is the units digit of d?
4
Let f = 100 + -60. What is the tens digit of f?
4
Let i = 35 + 4. What is the tens digit of i?
3
Suppose 3 + 1 = 2*n. Let r be 43 + (-3)/((-3)/n). Suppose 2*h - r = -3*h. What is the units digit of h?
9
Let r be 10*1*(-1)/2. Let t = -9 - r. Let b = t - -5. What is the units digit of b?
1
Let u(q) = q**3 - 4*q**2 - 5*q + 2. Let w be u(4). Let r be w/4*(-4)/6. Suppose -r*p + 25 = 3*d - 4*p, 2*p = d - 15. What is the units digit of d?
7
Let y(h) = -h**3 - 3*h**2 + 3*h - 1. Let s be y(-4). Suppose s*k - 27 = -3*o + 24, 4*k + 72 = 3*o. What is the tens digit of o?
2
Suppose 64 = -u + 4*w, 3*u + w - 4*w = -219. Let d = u - -110. What is the tens digit of d?
3
Let g = 6 - 4. Suppose -g*t + 7*t - 55 = 0. What is the units digit of t?
1
Let r(g) = -g**3 + 4*g**2 + 4. Let i be r(4). Suppose -3*k + i*t + 50 = 0, 3*k + 39 = t + 92. What is the tens digit of k?
1
What is the tens digit of 4/(-6) - (-101)/3?
3
Suppose 0